he remainder when 81990 is divided by 385?
370
What is the remainder when 142438 is divided by 11?
10
What is the remainder when 22492 is divided by 24?
4
What is the remainder when 8094 is divided by 4023?
48
What is the remainder when 286666 is divided by 1365?
16
Calculate the remainder when 15582 is divided by 2.
0
Calculate the remainder when 5702 is divided by 439.
434
What is the remainder when 61015 is divided by 106?
65
What is the remainder when 7268 is divided by 2109?
941
Calculate the remainder when 2320 is divided by 210.
10
Calculate the remainder when 598 is divided by 167.
97
What is the remainder when 675302 is divided by 46?
22
What is the remainder when 52421 is divided by 5238?
41
Calculate the remainder when 189581 is divided by 11.
7
What is the remainder when 9348 is divided by 779?
0
What is the remainder when 5795 is divided by 1882?
149
What is the remainder when 10443 is divided by 5221?
1
Calculate the remainder when 1070608 is divided by 381.
379
Calculate the remainder when 61779 is divided by 15435.
39
Calculate the remainder when 1499 is divided by 341.
135
What is the remainder when 23315 is divided by 23056?
259
Calculate the remainder when 1632 is divided by 24.
0
Calculate the remainder when 29519 is divided by 244.
239
Calculate the remainder when 408481 is divided by 123.
121
Calculate the remainder when 30824 is divided by 25.
24
What is the remainder when 7127 is divided by 712?
7
What is the remainder when 4496 is divided by 896?
16
What is the remainder when 155847 is divided by 191?
182
What is the remainder when 132477 is divided by 80?
77
Calculate the remainder when 1428 is divided by 1382.
46
What is the remainder when 643248 is divided by 166?
164
Calculate the remainder when 303027 is divided by 307.
18
What is the remainder when 7007 is divided by 241?
18
Calculate the remainder when 437985 is divided by 323.
320
What is the remainder when 71195 is divided by 9?
5
What is the remainder when 32236 is divided by 65?
61
What is the remainder when 11692 is divided by 3317?
1741
Calculate the remainder when 19008 is divided by 984.
312
What is the remainder when 598280 is divided by 199420?
20
Calculate the remainder when 9903 is divided by 86.
13
Calculate the remainder when 2647 is divided by 685.
592
Calculate the remainder when 4881 is divided by 33.
30
Calculate the remainder when 50841 is divided by 16947.
0
What is the remainder when 57808 is divided by 653?
344
What is the remainder when 53539 is divided by 388?
383
What is the remainder when 3946315 is divided by 13?
9
Calculate the remainder when 163346 is divided by 4413.
65
What is the remainder when 22050 is divided by 5511?
6
What is the remainder when 6246 is divided by 1071?
891
What is the remainder when 307 is divided by 87?
46
What is the remainder when 2958 is divided by 162?
42
What is the remainder when 314280 is divided by 8?
0
What is the remainder when 10075 is divided by 2514?
19
What is the remainder when 991 is divided by 416?
159
Calculate the remainder when 519255 is divided by 74.
71
What is the remainder when 50962 is divided by 12?
10
Calculate the remainder when 29898 is divided by 27.
9
What is the remainder when 28539 is divided by 7089?
183
Calculate the remainder when 7153 is divided by 286.
3
Calculate the remainder when 27087 is divided by 7.
4
What is the remainder when 24808 is divided by 12391?
26
What is the remainder when 20798 is divided by 286?
206
What is the remainder when 630277 is divided by 8293?
9
What is the remainder when 878777 is divided by 140?
137
Calculate the remainder when 1544 is divided by 464.
152
What is the remainder when 75371 is divided by 6844?
87
What is the remainder when 33039 is divided by 40?
39
What is the remainder when 1126 is divided by 21?
13
Calculate the remainder when 47724 is divided by 258.
252
What is the remainder when 43585 is divided by 1149?
1072
Calculate the remainder when 25751 is divided by 36.
11
What is the remainder when 57717 is divided by 104?
101
Calculate the remainder when 9433 is divided by 3078.
199
Calculate the remainder when 263277 is divided by 213.
9
Calculate the remainder when 40811 is divided by 129.
47
What is the remainder when 2477 is divided by 559?
241
What is the remainder when 987 is divided by 107?
24
Calculate the remainder when 69699 is divided by 982.
959
Calculate the remainder when 1841 is divided by 461.
458
Calculate the remainder when 61942 is divided by 67.
34
What is the remainder when 25368 is divided by 4226?
12
What is the remainder when 1083 is divided by 224?
187
What is the remainder when 15601 is divided by 49?
19
What is the remainder when 6440 is divided by 162?
122
What is the remainder when 16173 is divided by 5076?
945
What is the remainder when 78815 is divided by 710?
5
What is the remainder when 289 is divided by 243?
46
What is the remainder when 1262749 is divided by 73?
68
What is the remainder when 71775 is divided by 1411?
1225
Calculate the remainder when 13111 is divided by 88.
87
What is the remainder when 8581 is divided by 33?
1
Calculate the remainder when 81068 is divided by 144.
140
Calculate the remainder when 3599 is divided by 3438.
161
What is the remainder when 190130 is divided by 29?
6
Calculate the remainder when 8029 is divided by 118.
5
What is the remainder when 540 is divided by 168?
36
What is the remainder when 566681 is divided by 24638?
7
Calculate the remainder when 2488 is divided by 1236.
16
What is the remainder when 370184 is divided by 1413?
1391
Calculate the remainder when 342 is divided by 194.
148
What is the remainder when 2074 is divided by 238?
170
Calculate the remainder when 2558 is divided by 25.
8
What is the remainder when 90004 is divided by 298?
8
What is the remainder when 1255 is divided by 322?
289
Calculate the remainder when 5295 is divided by 742.
101
Calculate the remainder when 5781 is divided by 1915.
36
What is the remainder when 110367 is divided by 37?
33
What is the remainder when 26932 is divided by 14?
10
What is the remainder when 4246919 is divided by 251?
250
Calculate the remainder when 1646 is divided by 44.
18
What is the remainder when 400278 is divided by 11436?
18
What is the remainder when 555795 is divided by 101?
93
What is the remainder when 19710 is divided by 19708?
2
What is the remainder when 5309 is divided by 2541?
227
What is the remainder when 1168483 is divided by 56?
43
Calculate the remainder when 4192 is divided by 868.
720
Calculate the remainder when 1153 is divided by 211.
98
What is the remainder when 5950 is divided by 129?
16
What is the remainder when 2049 is divided by 1682?
367
Calculate the remainder when 32091 is divided by 48.
27
Calculate the remainder when 4035 is divided by 4032.
3
What is the remainder when 1108638 is divided by 104?
102
What is the remainder when 1358 is divided by 20?
18
What is the remainder when 1544 is divided by 1036?
508
What is the remainder when 22254 is divided by 5559?
18
Calculate the remainder when 25633 is divided by 2563.
3
Calculate the remainder when 80624 is divided by 136.
112
What is the remainder when 150609 is divided by 36?
21
Calculate the remainder when 623181 is divided by 5.
1
Calculate the remainder when 32590 is divided by 32.
14
Calculate the remainder when 219327 is divided by 36542.
75
What is the remainder when 79921 is divided by 19?
7
What is the remainder when 2163 is divided by 1920?
243
What is the remainder when 1156668 is divided by 64?
60
Calculate the remainder when 4536 is divided by 750.
36
Calculate the remainder when 13913 is divided by 3470.
33
What is the remainder when 39912 is divided by 1301?
882
Calculate the remainder when 6169 is divided by 325.
319
What is the remainder when 52149 is divided by 411?
363
Calculate the remainder when 318254 is divided by 3536.
14
Calculate the remainder when 75024 is divided by 267.
264
Calculate the remainder when 1970 is divided by 38.
32
Calculate the remainder when 9679 is divided by 80.
79
Calculate the remainder when 51752 is divided by 87.
74
What is the remainder when 19071 is divided by 1585?
51
Calculate the remainder when 5059 is divided by 5048.
11
Calculate the remainder when 9479 is